?
4
Suppose -43028 = -36*y + 5*y. What is the units digit of y?
8
Suppose -5*o - 911 + 266 = -j, -2*j = 4*o - 1290. What is the tens digit of j?
4
Suppose 0 = 3*u + 3 - 9. Suppose 70 = u*y + 4*h, -4*y + 212 = -h + 63. What is the tens digit of y?
3
What is the units digit of (1 - 1*(-6)/(-4))*-1586?
3
Suppose -7*j = -5*j. Let y be (2 - j)/2*0. Suppose -c + 3*c - 78 = y. What is the tens digit of c?
3
Suppose -3113 = -r - 10*r. What is the tens digit of r?
8
Suppose 27*u = 32*u + 80. Let q = 14 - u. What is the units digit of q?
0
Let b(o) = -621*o**3 - 3*o**2 + 2*o + 8. What is the tens digit of b(-2)?
6
Let y(s) = -10 - 2*s**2 + 6*s**2 - 12*s + 0*s**2 + 7*s. Let n be y(6). Let g = n + -36. What is the tens digit of g?
6
Let k(a) = -3*a - 13. Let b be k(-14). Suppose -4*q + 0*q + s - b = 0, -37 = 5*q - 2*s. What is the units digit of (-16)/(-56) + (-103)/q?
5
Let j be ((-240)/10)/(9/(-6)). What is the tens digit of 21*(2 - -4*(-4)/j)?
2
Suppose -98 = -2*z - 5*h, -5*z + 199 + 108 = -3*h. Let a = 1 - -14. Suppose -4*q + z = 4*m + a, 20 = 4*q - 2*m. What is the units digit of q?
7
Let k(s) = 11*s + 6. Let g be k(-3). Let z = 102 + g. What is the units digit of z?
5
Suppose 5*u + 5*r + 765 = 0, 5*u - 3*r + 25 = -772. Let b = -94 - u. Let w = -29 + b. What is the tens digit of w?
3
Let a be (1 + 1)/(26/(-13)). Let f(o) = 9*o**2 - 3*o - 2. What is the tens digit of f(a)?
1
Let q be ((-12)/(-10))/(2/15). Suppose 4*t = q*t - 25. Suppose -o - t*l = -5*o + 32, 3*o = -5*l - 11. What is the units digit of o?
3
Let h be (10 + -6)*86/4. Let u = h - 49. What is the units digit of u?
7
Let r = -11 - -15. Suppose 20 = -0*d - r*d. What is the units digit of (d + 7)/((-1)/(-8))?
6
Let l be (0 + 12)*2/(-3). Let q be (l + 8)*2/(-4). Suppose q = u - 4*u + 3. What is the units digit of u?
1
Suppose 0 = -22*y - 7*y + 30914. What is the tens digit of y?
6
Let z(v) = -2*v + 193. What is the hundreds digit of z(0)?
1
Let b(s) be the first derivative of 24*s - 3 - 1/2*s**2. What is the units digit of b(10)?
4
Suppose 94*i - 12 = 97*i. What is the units digit of 102 + i/(-4 - -2)?
4
Let a be (-178)/(-3) - (-6)/9*1. Let b(l) = l**3 + 2*l**2 - l. Let x be b(-2). Suppose 0 = -x*s - 3*s + a. What is the units digit of s?
2
Let j(r) = r**3 - 4*r**2 + 11*r + 29. What is the units digit of j(9)?
3
Let w(h) = h**3 - 13*h**2 - 13*h - 29. Let n be w(14). Let u(c) = -19*c - 66. What is the hundreds digit of u(n)?
2
What is the units digit of -3*((-2 - 1165/3) + 2)?
5
What is the units digit of (1814956/1336)/(1 + (-1)/2)?
7
Let p(y) = y**2 + 3*y - 8. Let t be p(-4). Let n be -4 - -1 - t/(-2). Let i(f) = -f**3 - 5*f**2 - 5*f + 7. What is the units digit of i(n)?
2
Let t be 6/(-4)*(2 + (-568)/6). Let d = t - 55. What is the units digit of d?
4
Let w(t) = -61*t - 2. Let m be w(-2). Suppose 0 = -d - 3*d + m. Suppose 5*s - 80 = d. What is the units digit of s?
2
Let y be ((0/(-3))/(-3))/(-2) - -2. Suppose -y*s = -4*w + 620, -2*s = -3*w + 38 + 426. What is the tens digit of w?
5
Let i = -1450 + 2878. What is the thousands digit of i?
1
Let m = -4 + 9. Suppose -v = -2*w + 3*w - 13, -m*v - 2*w + 53 = 0. What is the units digit of v + -8 + (-12)/(-2)?
7
Let j = 18 + -122. What is the units digit of -2 - (3 + 2 + j)?
7
Suppose 6*i - 2479 - 947 = 0. What is the tens digit of i?
7
Suppose 5*t - 25 + 5 = 0. Suppose -5*j - 3*i = i - 236, -j + t*i = -28. What is the units digit of j?
4
Let a = 22 + -3. Let r = a - 21. Let x(b) = 5*b**2 + 3*b + 3. What is the units digit of x(r)?
7
Let r = -83 + 161. Suppose -h + 9 + 21 = -2*c, -2*h - 5*c = -r. What is the units digit of h?
4
Let k(g) = -g**3 - 8*g**2 - 6*g + 9. Let h be k(-7). Suppose -h*v + 4*f = -210, 5*v - 3*v - 2*f = 220. Suppose 7 + v = 2*z. What is the units digit of z?
1
What is the tens digit of 8 + -4 + 1400 + 7?
1
Suppose 3*b + 133 = -3*d + 2*d, 4*d - 188 = 4*b. Let p = b - -220. What is the units digit of p?
5
What is the hundreds digit of -1*2/(-7) - (-145265)/119?
2
Suppose 2*r = 3*r - 28. Let w(p) = -2*p + 1. Let j be w(5). Let h = r - j. What is the units digit of h?
7
Suppose -4*a - 554 = -2*r, 5*r + 0*a - 2*a - 1401 = 0. What is the hundreds digit of r?
2
Let p(s) = s**3 + 12*s**2 + 13*s + 50. What is the hundreds digit of p(-8)?
2
Let n(q) = 34*q**2 + 26*q - 187. What is the tens digit of n(5)?
9
Let r(b) = -7*b - 46. Let l be r(-7). Suppose -l + 248 = 5*p. What is the tens digit of p?
4
Let z be (15/(9/(-3)))/(-1). Suppose -5*l - 18 - 12 = -z*s, -s + 2*l + 9 = 0. Suppose 2 = -s*p + 23. What is the units digit of p?
7
Let p be 2/(-10) + 1042/10. Let t = p - 0. What is the units digit of (t/32)/(1/4)?
3
What is the thousands digit of ((-22162)/(-6))/((-308)/(-264))?
3
Let y(k) = k - 8. Let x = 0 + 7. Let h be y(x). What is the tens digit of 1/h*(-3 + -32)?
3
Let k(o) = 4127*o**3 + 3*o**2 - 9*o + 6. What is the hundreds digit of k(1)?
1
Suppose q + 0*q - m = 1204, -q + 1213 = 2*m. What is the tens digit of q?
0
Let o(d) be the second derivative of 7*d**4/4 - d**2/2 + 19*d. What is the tens digit of o(1)?
2
Let t(o) = 178*o + 180. What is the hundreds digit of t(3)?
7
Suppose -5*q = -3*t - 81, -2*t + 4*q - 3*q - 47 = 0. Let u = 42 + t. What is the tens digit of u?
2
Let r = -12 - -16. Suppose c - g + 4*g - 25 = 0, -g = -r*c + 139. What is the units digit of c?
4
Suppose -24544 = 226*i - 239*i. What is the tens digit of i?
8
Suppose -5*f + 3*f = -26. Suppose -2*g + f = 1. Suppose g*s = 2*s + 60. What is the tens digit of s?
1
Let u(m) = 18*m**2 - 9*m + 4. What is the thousands digit of u(-8)?
1
Let i = -109 + 459. What is the units digit of i?
0
Suppose 0 = -2*q - 8 + 48. Suppose 5*y + q = j, j - 2*y - 50 = -3*y. What is the units digit of j?
5
Suppose -570 - 4454 = -4*d. What is the units digit of d?
6
Let d(n) = n**2 + 7*n. Let j(o) = o**3 - 16*o**2 + 15*o - 9. Let y be j(15). What is the units digit of d(y)?
8
Let q be 11/(77/9261) + -1 + 1. Suppose -q = -5*m - 473. What is the units digit of m?
0
Suppose -2*w = 2 + 6. Let v(y) = 8*y**2 + 5*y + 4. What is the units digit of v(w)?
2
Let y(w) be the second derivative of w**4/12 - 2*w**3/3 - 3*w**2/2 + 23*w. Suppose -2*a = -30 + 10. What is the units digit of y(a)?
7
Suppose 3*f = c - 4, -4*c + 2 + 6 = -4*f. Let l = 1 - f. What is the units digit of (-3 - -8)*(l - 1)?
5
Let b = 717 + 64. What is the hundreds digit of b?
7
Let i(g) = -g**3 + 6*g**2 + 4*g - 1. Suppose 7*v + 8 = 5*v. What is the hundreds digit of i(v)?
1
Suppose -4*l + 106 = -298. What is the tens digit of l?
0
Suppose -4 = 4*w + 4. Let b be 4/24*w*-114. Suppose -5 = c, 5*c = -5*x + 173 - b. What is the tens digit of x?
3
Let n = 37 - 40. What is the units digit of n/(-2)*(-160)/(-6)?
0
Suppose -w - 2*w + 1311 = -4*q, -5*q + 1717 = 4*w. What is the hundreds digit of w?
4
Let h be 1/3 + (-16)/(-24). Let c be (-2)/3 + (-99)/(-27). What is the units digit of h - (c - 3/1)?
1
Let a = -46 + 48. Suppose 5*z = -4*q + 129 + 125, 5*q = -a*z + 88. What is the tens digit of z?
5
Let u(f) = 2*f**3 - 5*f**2 + 31*f + 9. What is the tens digit of u(8)?
6
Suppose -23*n + 21*n = -3760. What is the thousands digit of n?
1
Let p(z) = 3*z + 2. Let g = 4 - 4. Suppose m - j = -g*m + 2, 1 = 3*m - 4*j. What is the units digit of p(m)?
3
Let r(k) = k**3 + 10*k**2 + 14*k - 19. Let v be r(-8). What is the tens digit of 2/3 - 451/v?
5
Let q(h) = 19*h**2 + 9*h + 7. Let c(l) = -l**2 - 7*l - 16. Let o be c(-3). What is the units digit of q(o)?
5
Let j(m) = m**2 - 1. Let x(d) = d**2 - 1. Let a be x(1). Let i be j(a). Let z = i - -2. What is the units digit of z?
1
Suppose 4*h = 4*v - 8, 0 = 3*v + h - 4 - 10. Suppose -4 = -2*x - 2*a, 0 = 5*x - v*a + 1 - 11. What is the units digit of x*7*3/6?
7
Let g(h) = -h**3 + 18*h**2 - 9*h + 13. Let x be g(17). Suppose -333 = -2*t - y + 2*y, -t - 3*y + x = 0. What is the tens digit of t?
6
Let l = -9 - -11. Suppose -2*y + l*m + 29 - 11 = 0, -y + 24 = -4*m. Suppose -y*s - 3 = -75. What is the units digit of s?
8
Let b = -27 + 77. Suppose -a + 28 = -b. Let v = 116 - a. What is the units digit of v?
8
Let i(k) = k**2 - 8*k + 120. What is the units digit of i(11)?
3
Let s be (0/(-1 - 0))/1. Let m(y) = 2*y - 9 + 2 + s. What is the units digit of m(11)?
5
Let a = -230 - -479. What is the tens digit of a?
4
Let j(d) 